{"id":20,"date":"2021-04-03T09:12:12","date_gmt":"2021-04-03T12:12:12","guid":{"rendered":"http:\/\/cbdedev.com.br\/?page_id=20"},"modified":"2021-04-03T16:32:46","modified_gmt":"2021-04-03T19:32:46","slug":"contato","status":"publish","type":"page","link":"https:\/\/cbdedev.com.br\/?page_id=20","title":{"rendered":"Transpar\u00eancia"},"content":{"rendered":"<h2 class=\"eap_section_title_262\"> Governan\u00e7a Corporativa <\/h2><div id=\"sp-ea-262\" class=\"sp-ea-one sp-easy-accordion\" data-ex-icon=\"fa-minus\" data-col-icon=\"fa-plus\"  data-ea-active=\"ea-click\"  data-ea-mode=\"vertical\" data-preloader=\"\"><div class=\"ea-card ea-expand sp-ea-single\"><h3 class=\"ea-header\"><a class=\"collapsed\" data-sptoggle=\"spcollapse\" data-sptarget=\"#collapse2620\" href=\"javascript:void(0)\"><i class=\"ea-expand-icon fa fa-minus\"><\/i> Estrutura de Governan\u00e7a e Compet\u00eancias<\/a><\/h3><div class=\"sp-collapse spcollapse collapsed show\" id=\"collapse2620\" data-parent=\"#sp-ea-262\"><div class=\"ea-body\"> <p>Com o objetivo de dar legitimidade \u00e0s a\u00e7\u00f5es desenvolvidas pelas frentes de trabalho da CBDE, foi definido um novo modelo de Governan\u00e7a Corporativa. A partir de 2019 uma nova estrutura ficou definida, contendo os seguintes colegiados: Assembleia Geral, Conselho de Administra\u00e7\u00e3o, Conselho Fiscal, Superior Tribunal de Justi\u00e7a Desportiva Escolar, Comiss\u00e3o de Atletas, Comiss\u00f5es de Assessoramento e Diretoria Geral.<\/p>\n<p>Publicado em 25\/02\/2021<\/p>\n<p><a href=\"http:\/\/cbdedev.com.br\/wp-content\/uploads\/2021\/04\/Estrutura-de-Governanca-e-suas-Competencias_-CBDE-2021-1-1.pdf\">Estrutura-de-Governan\u00e7a-e-suas-Compet\u00eancias_-CBDE-2021-1-1<\/a><\/p>\n <\/div><\/div><\/div><\/div>\n","protected":false},"excerpt":{"rendered":"","protected":false},"author":1,"featured_media":0,"parent":0,"menu_order":0,"comment_status":"closed","ping_status":"closed","template":"","meta":{"_eb_attr":"","footnotes":""},"class_list":["post-20","page","type-page","status-publish","hentry"],"_links":{"self":[{"href":"https:\/\/cbdedev.com.br\/index.php?rest_route=\/wp\/v2\/pages\/20","targetHints":{"allow":["GET"]}}],"collection":[{"href":"https:\/\/cbdedev.com.br\/index.php?rest_route=\/wp\/v2\/pages"}],"about":[{"href":"https:\/\/cbdedev.com.br\/index.php?rest_route=\/wp\/v2\/types\/page"}],"author":[{"embeddable":true,"href":"https:\/\/cbdedev.com.br\/index.php?rest_route=\/wp\/v2\/users\/1"}],"replies":[{"embeddable":true,"href":"https:\/\/cbdedev.com.br\/index.php?rest_route=%2Fwp%2Fv2%2Fcomments&post=20"}],"version-history":[{"count":10,"href":"https:\/\/cbdedev.com.br\/index.php?rest_route=\/wp\/v2\/pages\/20\/revisions"}],"predecessor-version":[{"id":263,"href":"https:\/\/cbdedev.com.br\/index.php?rest_route=\/wp\/v2\/pages\/20\/revisions\/263"}],"wp:attachment":[{"href":"https:\/\/cbdedev.com.br\/index.php?rest_route=%2Fwp%2Fv2%2Fmedia&parent=20"}],"curies":[{"name":"wp","href":"https:\/\/api.w.org\/{rel}","templated":true}]}}